v - 166. What is the units digit of v?
6
Let w(d) be the third derivative of d**4/12 + 13*d**3/2 + 8*d**2. Let h be w(-17). Suppose -h + 80 = 3*o. What is the tens digit of o?
2
Let v(c) = 4*c + 32. Let k be v(22). Let r = 28 + k. What is the hundreds digit of r?
1
Let b(z) be the first derivative of -z**2/2 - 38*z + 1. Let r be b(-15). Let c = -22 - r. What is the units digit of c?
1
Let h be 4 + (-4 + 2 - -1). What is the tens digit of (h/(-2))/(21/(-700))?
5
Suppose 12*k = 3*y + 15*k - 111, -5*k = -2*y + 67. What is the units digit of y?
6
Suppose -4*v - 3*z + 23 = 0, -4*v - 4*z + 19 = -5*z. Suppose 79 = 2*m - v*d, 2*m - 4*m + d = -75. What is the units digit of m?
7
Let w(r) = 18 + 4*r**2 - 2*r**2 + 18 - 3*r**2. Let t be w(0). Suppose 0 = -2*p + 126 - t. What is the units digit of p?
5
What is the tens digit of (9/(-18))/(((-3)/1)/2916)?
8
Suppose -4*l + 152 = -2*c, -2*c + 58 + 6 = 2*l. Suppose -2*j + l = -4. Let b = j - -15. What is the units digit of b?
5
Suppose -3 = z - 5, 0 = -2*c + 2*z. Let w be (2/(-6))/(c/6). What is the tens digit of 26 - (3 - (2 - w))?
2
Suppose -4*j - 737 + 1977 = 0. Suppose -j = 26*r - 31*r. What is the units digit of r?
2
Let c be (-5 + 2 - -2)*-3. Suppose 3*i = -5*h - 9, h - c*i - 10 + 1 = 0. Suppose 2*w + 3*a = 50, h*w + 2*w = -2*a + 48. What is the tens digit of w?
2
Let d(h) = -h**3 + 5*h**2 + 4*h - 2. Let f(s) = -s**3 - 9*s**2 - 8*s + 3. Let c be f(-8). Let o be d(c). Suppose 0 = 4*i - 52 - o. What is the tens digit of i?
2
Let v = -56 + 82. Let s be 4/(-26) - 542/v. Let f = s + 33. What is the tens digit of f?
1
Suppose -7*r + 17 = -2*r + 4*t, -3*r = -5*t - 25. Suppose 0 = k + 4*j - 5 - 161, r*j = -4*k + 719. What is the tens digit of k?
8
Suppose 3*n + 0*n - 9 = 4*h, -3*h + 9 = 3*n. Suppose i + 19 = 4*o - 26, o - 3*i - n = 0. Let u(y) = y**3 - 12*y**2 + 8. What is the units digit of u(o)?
8
Let w = 1744 - 1634. What is the tens digit of w?
1
What is the units digit of 2 + 0 + (-1504)/(-16)?
6
What is the hundreds digit of 438 + (30/(-20))/((-2)/(-4))?
4
Let r = 973 - 602. What is the tens digit of r?
7
Let r = -149 + 153. Suppose j + 188 = 2*p - 0*j, j = -r. What is the units digit of p?
2
Let f(o) = o**3 + o**2 - 5*o - 70. What is the units digit of f(9)?
5
Let j(v) = -v**3 + 18*v**2 - 8*v - 38. What is the tens digit of j(16)?
4
Suppose 0 = 2*r + 4, -3*r + 2364 = -2*u + 4*u. What is the hundreds digit of u?
1
Suppose 5*s + 3*h = -10 - 10, -3*s + h = 12. Let a(c) = 5*c - 2 - 4*c - 5*c + 2*c**2. What is the tens digit of a(s)?
4
What is the hundreds digit of (-1341)/6*40/(-15)?
5
Suppose 2*x + 3*p = 3307, -2*p = 2*x - p - 3317. What is the units digit of x?
1
What is the units digit of 42/21 - (-1 - 405)?
8
Let i = -158 - -223. What is the units digit of i?
5
Let v(z) = 2*z**2 - 33*z - 3. Let x be v(19). Suppose 0 = -3*g - g + x. What is the units digit of g?
3
Let u(d) = d**3 - 12*d**2 + d + 14. Let v = 27 - 15. What is the tens digit of u(v)?
2
Suppose 6*r = 3*r - p + 175, -r = 5*p - 35. Suppose -n + 3*n = r. Let m = n + -10. What is the tens digit of m?
2
Suppose -5*d - 27 = u, 0*d + 3*u - 3 = -d. Let y = d + 10. Suppose s - 5 + 0 = -r, -22 = -3*s + y*r. What is the units digit of s?
6
Suppose 5*v - 445 = 3*d - d, 4*d - 202 = -2*v. Let h = v + -47. What is the tens digit of h?
4
Let d = -18 + 25. Let u(r) = -r - 7. Let w be u(d). What is the units digit of 38/3 + w/21?
2
Let m be -21*24/4 - (-2)/(-1). Let h = -70 - m. What is the units digit of h?
8
Suppose -6137 = -22*k + 3*k. What is the tens digit of k?
2
Suppose 3*w - 674 = 4*j, -3*w - 243 = -4*w + 5*j. Suppose 4*x + x + 3*v = 547, 2*v - w = -2*x. What is the hundreds digit of x?
1
Let n(v) be the third derivative of v**6/120 - v**5/20 - v**4/24 + 23*v**3/2 + 12*v**2. What is the units digit of n(0)?
9
Let a = -138 + 1133. What is the units digit of a?
5
Let t(m) = -m**3 - 5*m**2 + 8*m + 6. Let d be t(-6). Let i be 2 + 1 + d + -58. Let x = 86 + i. What is the units digit of x?
5
Let r = 79 - 138. Let b = -83 - r. Let g = 50 + b. What is the units digit of g?
6
Suppose 0 = 4*d - 5*k - 1100 - 630, 5*d - 4*k = 2158. What is the hundreds digit of d?
4
Let p(z) = -z**2 + z + 130. Let b = -61 - -61. What is the units digit of p(b)?
0
Let t(m) = 18*m - 94. What is the tens digit of t(35)?
3
Let g(i) be the first derivative of -i**4/4 - 3*i**3 + 11*i**2/2 + 4*i - 1. Let z be g(-10). What is the units digit of (-1)/(-2)*z + 20?
7
Let r = -1712 - -2407. What is the hundreds digit of r?
6
Suppose 0 = 3*b + 2*a - 453, b + 4*a = 2*a + 147. Let w = 7 + b. Suppose 7*v - w = 2*v - 5*c, 3*v + 5*c = 90. What is the units digit of v?
5
Let z = 0 + 4. Let w be 10/z*16/20. Suppose 0 = -a + w*a - 45. What is the units digit of a?
5
Let w(d) = -6*d - 197. Let j(i) = 3*i + 98. Let v(f) = -5*j(f) - 3*w(f). What is the tens digit of v(0)?
0
Suppose 10 = 5*h - 125. Suppose -5*x + 50 - 5 = 2*a, a + x - h = 0. What is the tens digit of a?
3
Let p = 1980 + -1259. What is the hundreds digit of p?
7
What is the units digit of (2 - -1386)/4 - 5?
2
Let y(b) = 18*b - 1. Let z be y(-1). Let v = 23 + z. Suppose -116 = -2*h + d, 9*d = 4*h + v*d - 238. What is the tens digit of h?
5
Suppose -3*b + 2 + 7 = 0. Suppose 4*l = -o + 10, b*o - 69 = 3*l - 2*l. What is the tens digit of o?
2
Suppose -4*z + 4*v - 14 = -3*z, -4*z - v - 5 = 0. Let j be (-2 - 6)*(-1)/z. What is the units digit of j/8*(-46)/1?
3
Let b = 1338 + -2322. What is the units digit of b/(-14) + 6/(-21)?
0
Suppose -2*d = -2*p - d - 205, -3*p - 4*d = 291. Let j = -23 - p. What is the tens digit of j?
7
Let d = -57 - -50. What is the tens digit of d/21 + (-440)/(-6)?
7
Suppose 0 = -20*h + 55*h - 20440. What is the units digit of h?
4
Let z = 285 - 202. What is the tens digit of -1*(-2 - z) - 4?
8
Let b be ((-759)/12 + 4)*-4. Suppose 2*m = b + 35. What is the tens digit of m?
3
Let y be (-12*1)/(9/(-6)). Suppose 4*h = q - 11, 0 = h + h - y. What is the units digit of q?
7
Let r(q) be the second derivative of -q**5/20 + 5*q**4/12 + 2*q**3/3 - 3*q**2 - 7*q. Let h be r(6). Let u = h - -35. What is the tens digit of u?
1
Suppose -4*l + l = 3*n - 6, 24 = 5*l - 2*n. Suppose 176 = 3*w - l. What is the tens digit of w?
6
Suppose 1 = 2*y + 5. Let n be 3 - (0 + 21)*y. Let s = 76 - n. What is the tens digit of s?
3
Let k(n) = -17*n + 240. What is the tens digit of k(-33)?
0
Suppose 0 = -2*u + 307 + 19. What is the hundreds digit of u?
1
Let a(g) = -5*g**2 - 22*g - 39. Let h(q) = -4*q**2 - 22*q - 38. Let n(p) = -3*a(p) + 4*h(p). What is the units digit of n(-16)?
1
Let j(a) = 4*a**2 - 30*a + 130. What is the units digit of j(4)?
4
What is the thousands digit of 201/(-6)*6/(-9)*165?
3
Let m(n) = n - 37. Let b be m(0). Let s = 98 + b. What is the tens digit of s?
6
Let u(s) = 11*s + 31. Let q be u(9). Let p = q - 78. What is the tens digit of p?
5
Let h = 32 - 28. Suppose 0 = 4*p - 7*p + 5*q + 15, 20 = h*p - q. Suppose 10*y = p*y + 220. What is the tens digit of y?
4
Suppose 2*r + 0 - 19 = 3*l, 4*r - 41 = 3*l. Suppose 0 = -4*d + 4, -4*c + 0*d + 4*d = -28. What is the tens digit of c/44 - (-273)/r?
2
Let u(i) = -7*i**3 + 7*i**2 + 61. Let l(d) = d**3 - d**2 - 1. Let s(p) = 6*l(p) + u(p). What is the tens digit of s(0)?
5
Let y(f) be the first derivative of f**3/3 + 4*f**2 + 14*f - 18. What is the units digit of y(6)?
8
Let h(r) = 31*r**3 + 21*r**2 + 16*r + 56. Let x(b) = 6*b**3 + 4*b**2 + 3*b + 11. Let a(v) = 2*h(v) - 11*x(v). What is the tens digit of a(-3)?
8
Suppose -4*w = -3*c + 168, 0 = -4*w - 2*c - 176 + 8. Let d = w + 84. Let v = 18 + d. What is the tens digit of v?
6
Let z be 1 - 0/(2/(-2)). Let h(v) = v**3 + 16*v**2 + v + 37. Let l be h(-16). Let w = l - z. What is the tens digit of w?
2
Let u(p) = 3*p**3 - p + 1. Let x be u(1). Suppose 56 = x*f + f. Let b = f - -15. What is the units digit of b?
9
Let n be (-25)/(100/(-864))*(-2)/(-3). What is the units digit of (6/3)/(8/n)?
6
Let a = -391 + 709. What is the tens digit of a?
1
Let t = 1234 + 151. What is the thousands digit of t?
1
Let j = 2 - 5. Let t = j - 1. What is the units digit of (-1)/2*120/t?
5
What is the units digit of -2 + 1026/10 - (-3)/(-5)?
0
Suppose -2*n + 242 = r, 6*r = 7*r - n - 254. What is the hundreds digit of r?
2
Let a = 12 + -5. Let f(k) = -k**2 + 4*k - 